2?
9
What is the highest common factor of 192 and 5952?
192
What is the highest common factor of 46 and 7406?
46
What is the highest common divisor of 19637 and 538?
269
What is the greatest common divisor of 18 and 18?
18
What is the highest common divisor of 566 and 18?
2
What is the highest common divisor of 11445 and 210?
105
What is the highest common divisor of 6 and 123?
3
Calculate the greatest common divisor of 160 and 32.
32
What is the highest common factor of 60 and 6780?
60
What is the highest common factor of 234 and 36?
18
What is the highest common divisor of 1025 and 1312?
41
Calculate the highest common factor of 88 and 14036.
44
Calculate the highest common divisor of 161 and 7.
7
Calculate the highest common factor of 135 and 8145.
45
What is the highest common factor of 11 and 1133?
11
What is the highest common divisor of 114 and 969?
57
Calculate the highest common divisor of 3 and 57.
3
Calculate the highest common factor of 77 and 175.
7
What is the highest common divisor of 50 and 425?
25
Calculate the highest common divisor of 9 and 39.
3
Calculate the highest common factor of 63 and 56.
7
What is the highest common divisor of 989 and 46?
23
What is the highest common factor of 360 and 36?
36
Calculate the highest common divisor of 168 and 756.
84
What is the greatest common factor of 7626 and 1302?
186
Calculate the highest common divisor of 37 and 259.
37
What is the highest common factor of 22368 and 96?
96
Calculate the greatest common factor of 1173 and 1071.
51
Calculate the greatest common factor of 1065 and 15.
15
Calculate the highest common divisor of 582 and 485.
97
What is the highest common factor of 4712 and 152?
152
What is the greatest common factor of 121 and 297?
11
Calculate the highest common factor of 12 and 474.
6
What is the greatest common factor of 24 and 4506?
6
Calculate the greatest common divisor of 5412 and 369.
123
Calculate the highest common divisor of 72930 and 11.
11
What is the greatest common factor of 61 and 7625?
61
What is the greatest common factor of 682 and 22?
22
Calculate the greatest common divisor of 63 and 3069.
9
What is the highest common factor of 6596 and 68?
68
Calculate the greatest common divisor of 288 and 108.
36
Calculate the greatest common factor of 201 and 33.
3
What is the highest common divisor of 3 and 75?
3
Calculate the highest common factor of 5814 and 152.
38
What is the highest common factor of 19 and 361?
19
Calculate the greatest common divisor of 1606 and 22.
22
Calculate the highest common factor of 2 and 19.
1
Calculate the greatest common divisor of 140 and 7.
7
What is the greatest common factor of 248 and 3596?
124
What is the greatest common factor of 242 and 44?
22
Calculate the greatest common divisor of 35 and 8155.
35
Calculate the greatest common divisor of 17273 and 23.
23
What is the greatest common divisor of 240 and 15?
15
Calculate the highest common factor of 1635 and 15.
15
Calculate the highest common divisor of 93 and 15.
3
What is the highest common factor of 345 and 552?
69
What is the greatest common factor of 294 and 343?
49
What is the highest common factor of 345 and 105?
15
Calculate the highest common factor of 255 and 24.
3
What is the greatest common divisor of 341 and 806?
31
What is the highest common factor of 30 and 35?
5
What is the highest common divisor of 96 and 72?
24
Calculate the greatest common divisor of 339 and 452.
113
Calculate the greatest common factor of 41245 and 73.
73
What is the highest common factor of 140 and 875?
35
Calculate the greatest common factor of 60 and 2856.
12
What is the greatest common factor of 76 and 3819?
19
What is the highest common divisor of 133 and 646?
19
Calculate the greatest common factor of 130 and 80.
10
What is the highest common factor of 80 and 3480?
40
What is the highest common divisor of 55 and 330?
55
Calculate the greatest common factor of 2724 and 156.
12
Calculate the highest common divisor of 966 and 6417.
69
What is the highest common divisor of 540 and 20?
20
Calculate the greatest common factor of 7344 and 1512.
216
What is the greatest common factor of 507 and 234?
39
What is the greatest common divisor of 989 and 23?
23
Calculate the greatest common divisor of 8 and 23656.
8
Calculate the greatest common factor of 364 and 832.
52
What is the greatest common divisor of 576 and 160?
32
What is the greatest common divisor of 1232 and 784?
112
Calculate the greatest common factor of 33 and 4125.
33
What is the greatest common factor of 22 and 946?
22
Calculate the highest common divisor of 310 and 10.
10
Calculate the highest common factor of 90 and 1170.
90
What is the greatest common divisor of 38 and 304?
38
What is the greatest common divisor of 48 and 1552?
16
Calculate the greatest common divisor of 9 and 441.
9
Calculate the highest common factor of 54 and 1998.
54
Calculate the highest common factor of 121 and 3872.
121
What is the highest common divisor of 128 and 40?
8
What is the greatest common factor of 253 and 451?
11
What is the highest common divisor of 323 and 95?
19
Calculate the greatest common divisor of 4187 and 106.
53
Calculate the greatest common divisor of 288 and 279.
9
What is the highest common divisor of 528 and 33?
33
Calculate the greatest common factor of 3872 and 121.
121
What is the greatest common factor of 186 and 62?
62
Calculate the greatest common divisor of 425 and 25.
25
Calculate the greatest common factor of 2920 and 120.
40
Calculate the highest common factor of 176 and 48.
16
Calculate the highest common divisor of 116 and 58.
58
What is the greatest common factor of 46 and 713?
23
Calculate the greatest common factor of 624 and 1456.
208
Calculate the highest common divisor of 123 and 41.
41
Calculate the greatest common factor of 1176 and 648.
24
What is the greatest common divisor of 230 and 1794?
46
What is the highest common divisor of 298 and 1043?
149
What is the greatest common factor of 1178 and 62?
62
What is the highest common divisor of 1803 and 6?
3
Calculate the highest common factor of 270 and 90.
90
What is the greatest common divisor of 135 and 189?
27
What is the highest common divisor of 882 and 18?
18
Calculate the greatest common divisor of 106 and 1219.
53
What is the highest common divisor of 30896 and 16?
16
Calculate the highest common divisor of 714 and 408.
102
What is the greatest common divisor of 6958 and 142?
142
Calculate the greatest common divisor of 80 and 860.
20
What is the greatest common divisor of 75 and 6?
3
Calculate the highest common factor of 92 and 506.
46
What is the greatest common divisor of 31788 and 36?
36
What is the greatest common factor of 105 and 280?
35
Calculate the highest common divisor of 504 and 63.
63
What is the highest common factor of 1715 and 5?
5
Calculate the highest common factor of 11240 and 30.
10
Calculate the highest common divisor of 110 and 180.
10
What is the highest common factor of 6324 and 102?
102
Calculate the highest common factor of 220 and 176.
44
What is the greatest common divisor of 2318 and 114?
38
Calculate the greatest common divisor of 292 and 949.
73
Calculate the greatest common divisor of 801 and 63.
9
Calculate the highest common divisor of 43 and 172.
43
Calculate the highest common divisor of 27 and 3.
3
Calculate the highest common factor of 54 and 3294.
54
Calculate the greatest common divisor of 76 and 228.
76
Calculate the highest common factor of 588 and 2982.
42
Calculate the highest common factor of 132 and 1272.
12
What is the highest common factor of 32 and 4384?
32
Calculate the highest common divisor of 238 and 14.
14
Calculate the highest common divisor of 2145 and 143.
143
Calculate the highest common factor of 720 and 60.
60
What is the highest common divisor of 8829 and 109?
109
Calculate the highest common divisor of 36 and 7776.
36
Calculate the greatest common factor of 18 and 156.
6
Calculate the greatest common factor of 75 and 22710.
15
Calculate the highest common divisor of 321 and 23861.
107
What is the greatest common divisor of 3424 and 576?
32
What is the highest common factor of 47 and 235?
47
Calculate the highest common divisor of 43 and 688.
43
What is the highest common diviso